520, 5*d + 625 = 2*i. Let c = i - 201. What is the remainder when c is divided by (2 + 18)*(1 + 0)?
19
Suppose 0 = -n + 3*p + 32, -11 = -n - 3*p + 15. Suppose -32 = -2*a + 2*o, 4*a = -3*o - 0*o + n. Calculate the remainder when a is divided by -2 - 9/((-63)/28).
1
Let f = -189 + 184. Let u = f - -81. Calculate the remainder when u is divided by 73.
3
Suppose -2*h + 2*l = -1016, 2*h + 240*l = 235*l + 1030. Calculate the remainder when h is divided by 164.
18
Let r(n) = n**2 + 22*n - 102. Let z be r(-37). Suppose -250 = -19*c + z. Calculate the remainder when 1403 is divided by c.
34
Let o = -116 - -212. Suppose 18*f - 14*f = 4*k + 112, 5*f = -5*k + 120. Calculate the remainder when o is divided by f.
18
Suppose -20 = 7*m - 104. Suppose -c - m = -36. Let h = 4 + c. What is the remainder when h is divided by 10?
8
Let u = 78971 + -78965. Calculate the remainder when (3 - 0)*(0 - -11) is divided by u.
3
Suppose -26*a - 69 = -29*a. Suppose -5*b + f + 458 = 0, 0 = -4*b + 24*f - a*f + 367. What is the remainder when b is divided by 26?
13
Suppose -25*y + y + 865 + 143 = 0. What is the remainder when 18143 is divided by y?
41
Suppose 20308 = 4*y - 45*b + 44*b, 0 = -5*y + 3*b + 25385. What is the remainder when y is divided by 40?
37
Let j(m) = -m**3 + 20*m**2 + 20*m + 23. Let h be j(21). Suppose 2*o - r = 8, -3*o = h*r - 16 + 4. Calculate the remainder when 10 is divided by o.
2
What is the remainder when 2/5 + (-1657)/(-20) + (-14)/56 is divided by (((-64)/20)/1)/(1/(-25))?
3
Let f be (12/36)/((-1)/3). Let b be (-19)/(-38)*(f - -1). Suppose b = -2*s + 32 - 28. What is the remainder when 4 is divided by s?
0
Suppose 406 - 36 = -10*n. Let g = 40 - n. Calculate the remainder when 98 is divided by g.
21
Suppose -8*u - 544 = -10*u. Suppose a = u - 247. Calculate the remainder when 245 is divided by a.
20
Let y(o) = o**3 + 15*o**2 + 8. Let z be y(-15). Let a be 4*(1 + 194/z). Suppose 2*h - a = h. What is the remainder when h is divided by 26?
23
Let g(a) = -a**2 + a - 7. Let d be g(-3). Let p = d + 36. Suppose -s - b - 504 = -6*s, 4*b = 4*s - 400. Calculate the remainder when s is divided by p.
16
Suppose -118*z = -114*z + 8, 4*y + 2*z = 468. Calculate the remainder when 303 is divided by y.
67
Let g = 110 - 104. Suppose -7 - 137 = -g*z. Calculate the remainder when 80 is divided by z.
8
Let m = -310 + 332. What is the remainder when 63 is divided by m?
19
Let r = 123 - 120. Suppose r*j + 19 = 5*f + 4*j, -4*f - 3*j = -24. Calculate the remainder when 21 is divided by f.
0
Suppose c + 184 = 3*m - 22, -2*c - 342 = -5*m. Suppose 4*w = q + 826, -12*q = 2*w - 8*q - 440. Calculate the remainder when w is divided by m.
68
Suppose 5*r - 5*q = 180, 144 = 4*r + 3*q - 2*q. Suppose -5*g - 569 = 4*t - 908, -2*t - 3*g + 175 = 0. Calculate the remainder when t is divided by r.
35
Suppose -4*g + 10412 = 4*h, 3*h - 6734*g + 6731*g - 7857 = 0. What is the remainder when h is divided by 67?
65
Let q(h) = -2*h**2 - 24*h + 32. Let j be q(-12). Suppose -52 - j = -6*m. What is the remainder when 67 is divided by m?
11
Let m = 5332 + -5304. Calculate the remainder when 1622 is divided by m.
26
Suppose 2873*w - 2712 = 2865*w. Calculate the remainder when w is divided by 122.
95
Suppose -3*y = -17*j + 18*j - 14, -29 = -5*y + 4*j. What is the remainder when 117 is divided by y?
2
Suppose m + w - 5*w = 2, 2*w = -4. Calculate the remainder when 59 is divided by (-372)/18*m/4.
28
Let l = -18 + 26. Let a(b) be the first derivative of b**4/4 + b**3/3 + 5*b**2/2 - 5*b - 58. What is the remainder when l is divided by a(1)?
0
Calculate the remainder when 578 is divided by 74 + (48/27)/(32/(-144)).
50
Suppose 10*k - 3983 + 1781 = 12568. Calculate the remainder when k is divided by 17.
15
Let g(x) = -x**3 - 30*x**2 - 59*x - 367. What is the remainder when g(-30) is divided by 177?
164
Calculate the remainder when 213 is divided by ((-238)/(-51))/((32/(-102))/(-8)).
94
Let z = -3 + 8. Suppose 2*g - 5*r = -2*r - z, -4*r = -12. Let q = 49 + -33. What is the remainder when q is divided by g?
0
Let a be 12/30 - (-876)/10. Suppose -5*m + a = z - 3*z, 57 = 3*m + 3*z. Suppose 0*r + m = 2*r. Calculate the remainder when 34 is divided by r.
7
Suppose -2*a - 4*z = -70, 5*a + z - 151 = -z. Let o = a - 41. Calculate the remainder when 8 is divided by o/((-16)/4) + 3.
2
Let y(q) = -76*q - 64. Suppose -h - 1 = -3, 2*s = -4*h + 142. Calculate the remainder when y(-7) is divided by s.
66
Let i(y) be the first derivative of -3/2*y**4 + y**3 - 7 + 0*y**2 - 3*y. What is the remainder when i(-2) is divided by 30?
27
Suppose 15*p - 6*p - 18 = 0. Let m(n) = 10*n - 13. Calculate the remainder when 68 is divided by m(p).
5
Let r be (-228)/(-42) + -5 - 70569/21. Calculate the remainder when (2/(-2))/(32/r) is divided by 3.
0
Let r(c) = c**3 + 16*c**2 + 33*c - 108. What is the remainder when r(9) is divided by 552?
6
Let m be (0 + (-18)/45)/((-2)/100). Suppose -k + m = 4*u, -6*u + 3*u = -k - 8. Calculate the remainder when 21 is divided by k.
1
Let y = -27 + 118. Let t(s) = -33*s**2 + 7069*s - 864. What is the remainder when t(214) is divided by y?
88
Let s = 89 - -24. Calculate the remainder when s is divided by 3/(-2)*(-14)/9*-3 + 551 + -521.
21
Suppose -31*r + 8*r + 47794 = 0. Calculate the remainder when r is divided by 11.
10
Let h(f) = -f**3 - 5*f**2 - 6*f + 6. Let k be h(-4). Suppose -7*a = -k*a + 1001. Calculate the remainder when a is divided by 38.
29
Suppose -2*r = -3*r + 4*z + 6, -8 = 3*r + z. Calculate the remainder when 140 is divided by r/5 - (3 - (-1818)/(-45)).
29
Let i(l) = -29*l + 62. Let d be i(2). What is the remainder when 4*46 + d*(-1)/4 is divided by 5?
3
Suppose -4*y + t = -36, 3*t + 9 = -0*y + y. Suppose 0*w = -y*w + 72. Suppose 9*i - 24 = w*i. Calculate the remainder when i is divided by 13.
11
Let z = 71 + -47. Let q(k) = -k**2 - 19*k + 14. Let u be q(-19). Let a = u + z. What is the remainder when a is divided by 7?
3
Let z(b) = 87*b**2 - 29*b + 25. What is the remainder when 359 is divided by z(1)?
27
Let n(f) = -f**2 + 15*f + 10. Let v be -3 - 3*(-5 - 2). Let c be n(v). Let o = c - -47. What is the remainder when 57 is divided by o?
0
Suppose -7130 = -18*c - 5*c. Let g = -295 + c. What is the remainder when 582 is divided by g?
12
Let v = -31768 - -31822. Calculate the remainder when 2100 is divided by v.
48
Suppose 54*s + 18*s - 143352 = 0. What is the remainder when s is divided by 118?
103
Calculate the remainder when 752 is divided by 67 + -1 + (-7 - (-24)/6).
59
Let k = -196 - -200. Let m(x) = -x**3 - 4*x**2 + 6*x + 5. Let g be m(-5). What is the remainder when g - ((-125)/2 + (-2)/k) is divided by 23?
17
Let h be (1/3)/((-5)/30) + 85. Suppose -5*s + u + 265 = 0, -6*u = -2*s - u + h. Calculate the remainder when 209 is divided by s.
47
Suppose -22797 = -14*j - 37*j. What is the remainder when j is divided by 64?
63
Suppose 83*x + 96*x = 13246. Calculate the remainder when 723 is divided by x.
57
What is the remainder when 2/32 + 1670909/3376 is divided by 139?
78
Let k be 136/6*6/4. Suppose k = m - 5*a, -2*m - 5*a + 36 = 2*m. Suppose -35*z + 1523 + 1382 = 0. What is the remainder when z is divided by m?
13
Let h be 27/(-12)*(-104)/6. Suppose -7*t + h + 10 = 0. Suppose 6*q + 46 = t*q. What is the remainder when q is divided by 16?
14
Suppose 0*f = 3*r - 3*f - 69, 3*r - 45 = -5*f. Calculate the remainder when 66 is divided by r.
6
Suppose 0 = -72*f - 108*f - 116*f + 1776. What is the remainder when 14775 is divided by f?
3
Calculate the remainder when 7934 is divided by (-42)/112*-72 - 4.
22
Suppose 3*i + 0*i + 17 = 2*z, -1 = -z. Calculate the remainder when 329 is divided by (-422)/i - (-18)/(-45).
77
Let p(a) = 62*a + 291. Calculate the remainder when 186 is divided by p(-2).
19
Let a = -288 + 567. Let w = -228 + a. Calculate the remainder when w is divided by 18.
15
Let f(b) = 3*b**2 - 79*b - 158. Let s be f(-2). Suppose -3*z + 6 + s = 0. Let c = 29 + -18. What is the remainder when c is divided by z?
5
Let u(c) be the first derivative of c**3/3 - 3*c**2 - 209*c + 23. Calculate the remainder when 81 is divided by u(18).
4
Let t be 32/56 - 17/(-7). What is the remainder when 68 is divided by 1740/(-29)*t/(-9)*1?
8
Let n(a) = 7*a - 7. Let z be n(-13). Let u = -41 - z. Calculate t